2*k, -s*k + 35 = 3*m. What is the units digit of m?
5
Let t(m) = 2*m + 2. Let n be t(-3). Let a = n + -4. What is the units digit of 32/(-12)*30/a?
0
Suppose n - 2*f - 42 = 0, -f + 41 + 71 = 3*n. What is the units digit of n?
8
Let a(m) = m**3 + 13*m**2 + 14*m + 15. What is the hundreds digit of a(-9)?
2
Suppose 8 = -3*n - 4. What is the tens digit of -33*(-1 - n)/(-9)?
1
Suppose 0 = r - 6 - 4. Let a = 3 + -3. Let d = a + r. What is the tens digit of d?
1
Let k(z) = z**3 + z. Let t(y) = 2*y**3 - 5*y**2 + 11*y + 7. Let v be (-21)/(-6) - 1/2. Let r(q) = v*k(q) - t(q). What is the units digit of r(-6)?
5
What is the units digit of 1944/60 + (-3)/(-5)?
3
Let z = 34 + -50. What is the tens digit of (-180)/z + 3/4?
1
Let b = -157 + 323. Suppose -b = -4*s + 2*c, -c + 186 = 4*s + c. What is the tens digit of s?
4
Let i(n) = -6*n + 9. Let g be i(-9). Suppose -v - 2*v + g = 3*x, -x - 5*v = -1. What is the units digit of x?
6
Let h be 966/(-27) - 2/9. Let n = h - -56. What is the tens digit of n?
2
Suppose -2*h = x - 71, -6*x + 2*x - h + 284 = 0. What is the units digit of x?
1
Let p = 458 + -308. What is the hundreds digit of p?
1
Let l be 6/(-21) + (-38)/14. Let a = 2 + l. What is the units digit of ((-3)/(-9))/(a/(-9))?
3
Let z(o) = -o + 3. Let r be z(2). What is the units digit of (25/(-10))/(r/(-2))?
5
Suppose k = -5*n + 22, -50 = -2*k - 5*n - 16. Let l = 4 - k. Let w(u) = -u**3 - 8*u**2 - 2*u - 3. What is the units digit of w(l)?
3
Let p = 6 + -4. Let f(r) = 3*r**2 - r. What is the tens digit of f(p)?
1
Let a(t) = t**3 + 3*t**2 - 2*t - 2. Let g be a(-3). Suppose 7*f = g*f + 6. What is the units digit of f?
2
Let d(m) = -m**2 - 9*m - 10. Suppose 0 + 21 = -3*u. What is the units digit of d(u)?
4
Suppose 5*k = 4*j + 117, 2*j + 61 = 3*k - 8. What is the units digit of k?
1
Let n = 20 + -14. Suppose n*a - a + 4*b + 20 = 0, 3*a = b + 5. Suppose a*r = -r + 1. What is the units digit of r?
1
Let h(n) = n**3 + 13*n**2 - 31*n - 14. What is the units digit of h(-14)?
4
What is the tens digit of (-96)/(-12) + (4 - 0)?
1
Suppose 10 = -0*j + 2*j. Suppose -3*z - j*i = -75, -2*z + i - 2*i + 50 = 0. What is the units digit of z?
5
Let s(x) = -x**3 + x**2 + 2*x + 42. What is the tens digit of s(0)?
4
Let c(i) = -3*i**3 - 2 + 4*i**3 - 6*i**2 + 2*i**2 - 4*i + 0. What is the units digit of c(5)?
3
Let b(c) = 3*c**2 - 16*c**3 - 4 + 15*c**3 + 5*c + 2*c**2. Let v be b(6). Let n = v - -32. What is the tens digit of n?
2
Let s(d) = -2*d**2 + 0*d**3 + d + 0 + 0*d + d**3 + 1. Suppose -5*t = 4*b + 7, 0 = 5*b - 5*t + t - 22. What is the units digit of s(b)?
3
Let c be 9 + 1 + -1 + -1. Let v = c - -5. What is the tens digit of v?
1
Let c = -15 - -63. What is the units digit of c?
8
Suppose 22*u + 319 = 23*u. What is the tens digit of u?
1
Let l = -6 - -8. Let c(s) = s**3 - 2*s + 1. What is the units digit of c(l)?
5
Suppose m - 3*a + 13 = a, 4*a - 19 = -m. Suppose -m = 2*b - 13. What is the units digit of b?
5
Let h(y) = 3*y. Let l be h(-1). What is the units digit of 7 - (l/3 - 1)?
9
Let v(o) = o - 3. Let c(f) = -2*f + 7. Let i(b) = 2*c(b) + 5*v(b). Suppose l - 5 - 2 = 0. What is the units digit of i(l)?
6
What is the hundreds digit of 290*-3*2/(-4)?
4
Suppose -172 = -4*c + 36. Suppose -c = z - 5*z. What is the tens digit of z?
1
Let h = 251 + -150. What is the units digit of h?
1
Let z(v) = 6*v - 10. Let p be z(-9). Let c = -26 - p. Suppose 0*x = -2*x + c. What is the tens digit of x?
1
Let t = 12 + -12. Suppose k + k - 29 = -u, 5*u - 4*k - 75 = t. What is the units digit of u?
9
Let p(g) be the second derivative of g**5/60 - g**4/24 + g**3/6 - 3*g**2/2 - 2*g. Let o(t) be the first derivative of p(t). What is the units digit of o(1)?
1
What is the units digit of (0 - 2 - -78) + -3 + 4?
7
Suppose 13*s = 221 + 1118. What is the hundreds digit of s?
1
Suppose -4*y = 4*m - 12, 21 = -0*m + 4*m - 5*y. Suppose o = -m*r + 10, -2*o + 4 = 2*r + 2. Let j = r - 0. What is the units digit of j?
3
Suppose 8 = -n + 3*m, -n - m = 4*m. Let q(v) = v**2 + v - 5. Let k be q(-4). Let o = k + n. What is the units digit of o?
2
Let d = 12 - 8. Suppose 0 = -2*l - 0*l + 5*g + 20, l + d*g - 36 = 0. What is the tens digit of l?
2
Let l(v) = v**3 - 9*v**2 - 11*v + 5. Let r be l(10). Let s be (-22)/10 - 1/r. What is the units digit of (1 + s)/(2/(-18))?
9
Let w(x) = -15*x - 1. Suppose 0 = 2*t + t + 9, 2*g - 5*t = 23. Suppose 5*p + 1 = -g. What is the units digit of w(p)?
4
Suppose 2*c - 2*w - 36 = 0, -2*c - 4*w = -48 - 6. Let t = c - 3. What is the units digit of t?
8
Let k(p) = -p**3 - 8*p**2 - 2*p + 4. Let r(t) = t**3 - 3*t**2 - 4*t + 4. Let z be r(3). What is the tens digit of k(z)?
2
Suppose 0 = -0*h - 4*h - 20, b - 14 = 2*h. Let n(s) = s**3 - 5*s**2 + 6*s - 6. Let z be n(b). Let t = z - -12. What is the units digit of t?
4
Suppose 2 = -2*o - 0*o. What is the units digit of 2*o*(-15)/10?
3
Let b = 362 - 252. What is the units digit of b?
0
Let h = 22 + -15. Let t = -5 + 2. Let k = h + t. What is the units digit of k?
4
Suppose 0 = -4*r + 7*r - 3. Suppose r = 5*h - 24, 0 = 4*l + 4*h - 236. What is the tens digit of l?
5
Suppose 0*t + 2 = t. Let v = t + 0. What is the units digit of (3/v)/(1/2)?
3
Let l(c) = -c**3 + 5*c**2 + 3. Let v be l(5). Let a = v + -1. Suppose 0 = -a*g + 1 + 3. What is the units digit of g?
2
Suppose 0 = 4*o + 5*z - 120, z - 8 = -o + 22. Suppose 5*q - o = 5*d, 3*q - q = -2*d. Suppose -v = -q*m, -3*v + 0*m = -4*m - 10. What is the units digit of v?
6
Let n = 120 - 62. What is the units digit of n?
8
Suppose -4*y - 3*n = -0*n - 35, -y = 5*n - 13. What is the units digit of y?
8
Suppose l + 4*o + 4 = 2*o, -o = -5*l + 2. Suppose l = -q - x - 4*x + 17, 85 = 5*q - 4*x. What is the tens digit of q?
1
Suppose 3*w = -3*z + 738, 3*z + 762 = -4*w + 7*w. What is the tens digit of w?
5
What is the units digit of -2 - ((2 - 3) + 2 - 4)?
1
Suppose 0 = 3*g - 1213 + 115. What is the tens digit of g?
6
Suppose x + 0*x = 38. What is the tens digit of x?
3
Let l = 715 + -438. What is the tens digit of l?
7
Let d(u) be the second derivative of u**3/6 + 2*u**2 - 3*u. What is the units digit of d(5)?
9
Let y = -1 + 1. Suppose 5*g + 90 = -5*i, 2*g = 5*g - 5*i + 78. What is the units digit of g*(y + (-6)/9)?
4
Let l(c) = 5 - 2 + 0 - c - 1. What is the units digit of l(-6)?
8
Suppose -h = -4 - 3. Suppose 3*x = h*x - 8. What is the units digit of x?
2
Suppose 0*y - y + 25 = 0. Suppose -3*k + x = -5, 3*k + 5*x = -0*k - y. Suppose k = 2*s + 10, -3*d + 4*s - 7 = -36. What is the units digit of d?
3
Let z = 87 + -6. Let n = z + -51. What is the units digit of n?
0
Let u = -218 - -321. What is the tens digit of u?
0
What is the units digit of (9/3 + -2)/1?
1
Suppose 2*j = -1 + 5. Suppose v = 4*t - 0*t - 24, j*t = 5*v + 12. What is the units digit of t?
6
Let p(l) = l**2 - 9. What is the tens digit of p(-5)?
1
Suppose 2*z = 17 - 3. Suppose 3*i = -4*l + 24, 4*i + z*l - 4*l = 32. What is the units digit of i?
8
Suppose -2*v + 4*y + 18 = 0, 3*y + 2 = v + 8*y. Let k = 23 + v. What is the tens digit of k?
3
Let g(h) = 21*h**3 + 6*h**2 - 6*h + 6. What is the tens digit of g(2)?
8
Let c = 6 + -7. What is the units digit of -1*(c - 1)/2?
1
Let f = 80 - 67. What is the units digit of f?
3
Let j be 4/6 + 40/30. Let d = 16 + j. What is the tens digit of d?
1
Let j = -11 - -7. What is the units digit of (-6)/j - 3/(-6)?
2
Suppose -650 = 10*r - 3260. What is the units digit of r?
1
Let g be (2 + -1 + 0)*0. Let c be 5*(1 + g/(-3)). What is the units digit of c/(-15) + (-13)/(-3)?
4
Let f = 0 + -1. What is the units digit of (2/(-6))/(f/33)?
1
Let w(k) = 2*k**2 + 2*k + 1. What is the tens digit of w(-6)?
6
Let v be ((-2)/5)/(5/(-50)). Suppose v*y = 11 + 5. What is the units digit of y?
4
Let i(j) = 9*j**2 + 2*j + 9. What is the units digit of i(-4)?
5
Let s = 310 + -203. What is the tens digit of s?
0
Let c(d) = d**2 + 6*d + 11. Suppose -l = -z + 6 - 1, l + 3 = 3*z. What is the units digit of c(l)?
1
Let y(s) = 7*s**2 + 8*s - 4*s**3 - 2 + 5*s**3 - 2*s**3 + 6. Let l be y(8). Suppose l*r + r = 40. What is the units digit of r?
8
Let g be -1 - 0/((-16)/4). What is the tens digit of 17*-3*g/3?
1
Let t(b) = 47*b + 1. What is the tens digit of t(1)?
4
Suppose 3*j - 63 = -m, 5*j - 52 = -5*m + 43. Let t = j - 19. What is the units